891481 prime?
True
Is 6601673 a prime number?
False
Is 4173311 prime?
True
Is 80550907 a composite number?
False
Is 5805467 prime?
True
Is 2057291 composite?
False
Is 32119831 prime?
False
Is 519577 a composite number?
False
Is 45283769 composite?
True
Is 18072049 a composite number?
False
Is 1165513 a prime number?
False
Is 10276863 a composite number?
True
Is 8335003 composite?
False
Is 106205667 prime?
False
Is 88269263 prime?
True
Is 54605146 a prime number?
False
Is 1174644907 composite?
False
Is 387089 composite?
False
Is 8193 prime?
False
Is 220146517 a composite number?
True
Is 8330773 composite?
True
Is 166307819 prime?
True
Is 4548079 composite?
False
Is 46312601 a composite number?
True
Is 863983 a prime number?
True
Is 4285321 a prime number?
True
Is 11521967 prime?
True
Is 1422034 prime?
False
Is 92829971 a composite number?
True
Is 83806493 a prime number?
False
Is 867039949 a prime number?
True
Is 5427803 composite?
True
Is 12564599 a composite number?
False
Is 1811081 a composite number?
False
Is 6626009 a composite number?
True
Is 438355 a composite number?
True
Is 9102277 a composite number?
False
Is 29703371 composite?
False
Is 44651293 a composite number?
False
Is 35561579 composite?
False
Is 84522901 prime?
False
Is 23009149 a prime number?
True
Is 972679 composite?
False
Is 1123163 a prime number?
False
Is 95393609 composite?
False
Is 12492053 a composite number?
True
Is 601482599 composite?
False
Is 14678581 a prime number?
False
Is 471241 a prime number?
True
Is 109979521 a prime number?
True
Is 4646071 a prime number?
True
Is 8109778 a composite number?
True
Is 80996401 a prime number?
False
Is 72110953 a composite number?
False
Is 14179703 prime?
False
Is 2692709 a prime number?
True
Is 431343481 prime?
True
Is 1262321 a prime number?
True
Is 254872547 a composite number?
True
Is 141692557 a composite number?
True
Is 25752169 a prime number?
True
Is 15368557 composite?
False
Is 961313 a prime number?
True
Is 1507069 a prime number?
True
Is 6521677 prime?
True
Is 48847 a composite number?
False
Is 26753299 prime?
True
Is 32018997 a composite number?
True
Is 33782251 prime?
True
Is 11584753 a composite number?
True
Is 9816307 prime?
True
Is 70120983 a prime number?
False
Is 1360385131 prime?
False
Is 4569179 prime?
True
Is 126592277 composite?
True
Is 712642727 a prime number?
False
Is 29492527 composite?
False
Is 251926789 a prime number?
True
Is 65106127 a composite number?
False
Is 441479 a composite number?
False
Is 13833139 prime?
True
Is 1762843 composite?
False
Is 1794994 prime?
False
Is 1258339 a prime number?
False
Is 12281747 a composite number?
True
Is 3167131 a composite number?
True
Is 140383 a prime number?
False
Is 13724101 a composite number?
True
Is 1055473 a prime number?
False
Is 40055767 a prime number?
True
Is 352322627 a prime number?
True
Is 10410181 a composite number?
False
Is 129512365 a prime number?
False
Is 8403029 composite?
False
Is 1448279 a prime number?
False
Is 4887283 a prime number?
False
Is 6454689 a prime number?
False
Is 25757021 prime?
True
Is 874451 prime?
False
Is 51892307 a prime number?
True
Is 2060021 prime?
True
Is 1163733 a composite number?
True
Is 1602343 composite?
True
Is 2553877 a prime number?
False
Is 299357 a composite number?
False
Is 176268971 prime?
False
Is 25019587 a prime number?
True
Is 211945157 composite?
True
Is 222372539 prime?
True
Is 22023613 a composite number?
False
Is 20266 a composite number?
True
Is 1692541 prime?
True
Is 14569917 composite?
True
Is 1368379 prime?
False
Is 1551853 composite?
False
Is 11480159 a composite number?
False
Is 5553979 a prime number?
True
Is 898757 a prime number?
False
Is 40382113 a prime number?
True
Is 16808039 a prime number?
True
Is 107127079 a composite number?
True
Is 9947123 prime?
True
Is 9471203 prime?
False
Is 73932023 a composite number?
True
Is 2391847 composite?
False
Is 43896817 composite?
False
Is 45627782 a composite number?
True
Is 30316886 prime?
False
Is 4781407 a composite number?
True
Is 62969 a prime number?
True
Is 3681113 prime?
True
Is 7699261 a prime number?
False
Is 690737 a composite number?
True
Is 1604437 composite?
False
Is 3564943 composite?
False
Is 42394211 composite?
False
Is 75400309 prime?
True
Is 789251 prime?
True
Is 6590317 prime?
True
Is 24607685 composite?
True
Is 4975585 a prime number?
False
Is 117185849 composite?
True
Is 115138253 composite?
True
Is 7748863 a composite number?
False
Is 3194773 prime?
True
Is 241351247 a composite number?
False
Is 672316846 a composite number?
True
Is 2372789 a composite number?
False
Is 12310691 a composite number?
True
Is 353721257 a composite number?
True
Is 5551229 prime?
False
Is 303177857 prime?
False
Is 25538923 a composite number?
False
Is 6732449 composite?
False
Is 7901149 composite?
False
Is 573317707 a composite number?
True
Is 519191 a prime number?
False
Is 642745 prime?
False
Is 45454111 a composite number?
False
Is 1650059 a prime number?
True
Is 69913321 composite?
False
Is 123661219 prime?
False
Is 3422719 composite?
True
Is 334281 prime?
False
Is 142959343 prime?
True
Is 378283 composite?
False
Is 55902911 a prime number?
True
Is 92558035 prime?
False
Is 424429 prime?
True
Is 33970291 prime?
False
Is 383983 composite?
False
Is 786970369 a composite number?
True
Is 8121 composite?
True
Is 29345117 a prime number?
True
Is 4024957 prime?
True
Is 4464091 composite?
False
Is 422993035 a composite number?
True
Is 8688419 a prime number?
False
Is 1259207 prime?
False
Is 79646095 a composite number?
True
Is 3154487 composite?
True
Is 8158762 a prime number?
False
Is 62184431 a composite number?
True
Is 294305507 composite?
True
Is 445787051 a composite number?
False
Is 868811 prime?
False
Is 59140261 a composite number?
False
Is 67232717 a composite number?
False
Is 18942821 prime?
False
Is 444938953 prime?
True
Is 3719897 composite?
False
Is 807517 a prime number?
False
Is 179018369 prime?
True
Is 11325134 composite?
True
Is 1131617 a prime number?
True
Is 941363 composite?
True
Is 123657797 composite?
True
Is 86993083 a prime number?
True
Is 659999 prime?
True
Is 497201 a prime number?
False
Is 54981751 a prime number?
False
Is 84590609 a prime number?
True
Is 16832399 composite?
False
Is 3541441 prime?
True
Is 823337 composite?
False
Is 231823561 prime?
False
Is 12261421 a composite number?
True
Is 221832419 a prime number?
True
Is 21769499 a composite number?
False
Is 35379593 prime?
False
Is 5942369 a composite number?
False
Is 38621041 a prime number?
False
Is 80332709 a composite number?
False
Is 159649 a prime number?
False
Is 21609991 a composite number?
True
Is 7336873 a prime number?
True
Is 45723301 prime?
False
Is 58354811 a prime number?
False
Is 955817 prime?
False
Is 453421 a prime number?
True
Is 18825319 a composite number?
True
Is 107949689 prime?
True
Is 8829101 a composite number?
False
Is 495955 prime?
False
Is 18812006 composite?
True
Is 5196029 prime?
True
Is 1804163 a composite number?
True
Is 5172647 a prime number?
True
Is 78353507 a prime number?
False
Is 843233 a prime number?
False
Is 668347 a composite number?
False
Is 3526207 composite?
False
Is 3531463 composite?
True
Is 31110917 prime?
True
Is 1750801 composite?
True
Is 440893 composite?
False
Is 2105501 a prime number?
False
Is 9263489 a composite number?
False
Is 350123 composite?
True
Is 109096991 prime?
True
Is 15246571 composite?
False
Is 2066923 prime?
True
Is 2864443 a composite number?
True
Is 2339971 a prime number?
False
Is 944959 composite?
True
Is 53129 prime?
True
Is 528547 a prime number?
False
Is 131987 a prime number?
False
Is 43261 a composite number?
False
Is 3330451 composite?
True
Is 10186333 a prime number?
False
Is 53878817 prime?
False
Is 8204891 a prime number?
True
Is 4734907 composite?
True
Is 118754059 composite?
True
Is 678605 prime?
False
Is 125586829 a composite number?
False
Is 14599346 a prime number?
False
Is 821195 a composite number?
True
Is 314671389 a prime number?
False
Is 3605027 prime?
True
Is 1897751 composite?
False
Is 40912687 a composite number?
False
Is 7581149 prime?
True
Is 6545893 composite?
False
Is 12803011 a prime number?
False
Is 11921671 a composite number?
True
Is 229619723 a prime number?